{"id":7094,"date":"2023-04-10T11:30:25","date_gmt":"2023-04-10T09:30:25","guid":{"rendered":"https:\/\/cosmetique.renophase.fr\/?post_type=product&#038;p=7094"},"modified":"2026-01-14T12:09:03","modified_gmt":"2026-01-14T11:09:03","slug":"source-c-serum","status":"publish","type":"product","link":"https:\/\/renophase.fr\/es\/producto\/source-c-serum\/","title":{"rendered":"<strong>SOURCE C+<\/strong>| S\u00e9rum"},"content":{"rendered":"<div class=\"desc\">\n<div class=\"text_desc\">\n<h4 style=\"text-align: center;width: 500px\">M\u00e9todo de aplicaci\u00f3n<\/h4>\n<p>GEL REVITALIZANTE ANTIOXIDANTE NO GRASO. Arrugas, pieles desvitalizadas, sin luminosidad. Todo tipo de piel. Por la ma\u00f1ana y\/o por la noche, aplicar el gel sobre el rostro y el cuello. Para las pieles secas, superponer una crema nutritiva. Usado diariamente, el s\u00e9rum SOURCE C+ devuelve una nueva tonicidad, mejora el aspecto de las arrugas, repulpa la textura y restablece su luminosidad de forma duradera.<\/p>\n<\/div>\n<\/div>\n<div><\/div>","protected":false},"excerpt":{"rendered":"<h4 class=\"separacio-producte\"><strong>UN GEL REVITALIZANTE ANTIOXIDANTE NO GRASO.<\/strong><\/h4>\n<div class=\"ecart\"><\/div>\n<p>La fatiga y el estr\u00e9s a veces se reflejan en los rasgos del rostro... Para solucionarlo, hemos formulado un gel no graso, antioxidante, concentrado en precursores de vitamina C y polip\u00e9ptidos que estimulan el col\u00e1geno, para proporcionar un tono radiante, aligerar los rasgos y estimular la vitalidad de la piel.<\/p>\n<p>&nbsp;<\/p>\n<h4 class=\"separacio-producte\">PRINCIPALES ACTIVOS<\/h4>\n<p>&nbsp;<\/p>\n<p>LACTOPEPTIDOS: Activos regeneradores de la piel que inducen la producci\u00f3n de col\u00e1geno y \u00e1cido hialur\u00f3nico.<\/p>\n<p>FOSFATO ASCORB\u00cdLICO DE MAGNESIO: Forma estable y biodisponible de un precursor de la vitamina C que protege la piel del estr\u00e9s medioambiental.<\/p>","protected":false},"featured_media":13138,"template":"","meta":{"_acf_changed":false},"product_brand":[],"product_cat":[54,67],"product_tag":[114,84,100,101,102,79,76],"class_list":{"0":"post-7094","1":"product","2":"type-product","3":"status-publish","4":"has-post-thumbnail","6":"product_cat-04-reveal","7":"product_cat-source-c","8":"product_tag-des-premieres-rides","9":"product_tag-jour-nuit","10":"product_tag-peaux-grasses","11":"product_tag-peaux-normales","12":"product_tag-peaux-seches","13":"product_tag-une-peau-sans-eclat","14":"product_tag-la-peau-terne","16":"first","17":"instock","18":"taxable","19":"shipping-taxable","20":"purchasable","21":"product-type-simple"},"acf":[],"_links":{"self":[{"href":"https:\/\/renophase.fr\/es\/wp-json\/wp\/v2\/product\/7094","targetHints":{"allow":["GET"]}}],"collection":[{"href":"https:\/\/renophase.fr\/es\/wp-json\/wp\/v2\/product"}],"about":[{"href":"https:\/\/renophase.fr\/es\/wp-json\/wp\/v2\/types\/product"}],"version-history":[{"count":0,"href":"https:\/\/renophase.fr\/es\/wp-json\/wp\/v2\/product\/7094\/revisions"}],"wp:featuredmedia":[{"embeddable":true,"href":"https:\/\/renophase.fr\/es\/wp-json\/wp\/v2\/media\/13138"}],"wp:attachment":[{"href":"https:\/\/renophase.fr\/es\/wp-json\/wp\/v2\/media?parent=7094"}],"wp:term":[{"taxonomy":"product_brand","embeddable":true,"href":"https:\/\/renophase.fr\/es\/wp-json\/wp\/v2\/product_brand?post=7094"},{"taxonomy":"product_cat","embeddable":true,"href":"https:\/\/renophase.fr\/es\/wp-json\/wp\/v2\/product_cat?post=7094"},{"taxonomy":"product_tag","embeddable":true,"href":"https:\/\/renophase.fr\/es\/wp-json\/wp\/v2\/product_tag?post=7094"}],"curies":[{"name":"wp","href":"https:\/\/api.w.org\/{rel}","templated":true}]}}

<strong>SOURCE C+</strong>| Sérum

<div class="desc">
<div class="text_desc">
<h4 style="text-align: center;width: 500px">Método de aplicación</h4>
<p>GEL REVITALIZANTE ANTIOXIDANTE NO GRASO. Arrugas, pieles desvitalizadas, sin luminosidad. Todo tipo de piel. Por la mañana y/o por la noche, aplicar el gel sobre el rostro y el cuello. Para las pieles secas, superponer una crema nutritiva. Usado diariamente, el sérum SOURCE C+ devuelve una nueva tonicidad, mejora el aspecto de las arrugas, repulpa la textura y restablece su luminosidad de forma duradera.</p>
</div>
</div>
<div></div>

<h4 class="separacio-producte"><strong>UN GEL REVITALIZANTE ANTIOXIDANTE NO GRASO.</strong></h4>
<div class="ecart"></div>
<p>La fatiga y el estrés a veces se reflejan en los rasgos del rostro... Para solucionarlo, hemos formulado un gel no graso, antioxidante, concentrado en precursores de vitamina C y polipéptidos que estimulan el colágeno, para proporcionar un tono radiante, aligerar los rasgos y estimular la vitalidad de la piel.</p>
<p>&nbsp;</p>
<h4 class="separacio-producte">PRINCIPALES ACTIVOS</h4>
<p>&nbsp;</p>
<p>LACTOPEPTIDOS: Activos regeneradores de la piel que inducen la producción de colágeno y ácido hialurónico.</p>
<p>FOSFATO ASCORBÍLICO DE MAGNESIO: Forma estable y biodisponible de un precursor de la vitamina C que protege la piel del estrés medioambiental.</p>
